ivided by 333.
27
Calculate the remainder when 171 is divided by 80.
11
What is the remainder when 31 is divided by 20?
11
What is the remainder when 781 is divided by 37?
4
Calculate the remainder when 223 is divided by 85.
53
Calculate the remainder when 949 is divided by 14.
11
Calculate the remainder when 125 is divided by 87.
38
What is the remainder when 142 is divided by 63?
16
Calculate the remainder when 999 is divided by 125.
124
Calculate the remainder when 69 is divided by 35.
34
What is the remainder when 59 is divided by 37?
22
Calculate the remainder when 2069 is divided by 226.
35
What is the remainder when 1207 is divided by 173?
169
Calculate the remainder when 72 is divided by 49.
23
What is the remainder when 1978 is divided by 15?
13
What is the remainder when 335 is divided by 26?
23
What is the remainder when 13222 is divided by 23?
20
What is the remainder when 3065 is divided by 52?
49
What is the remainder when 294 is divided by 76?
66
What is the remainder when 648 is divided by 205?
33
Calculate the remainder when 607 is divided by 48.
31
Calculate the remainder when 311 is divided by 21.
17
Calculate the remainder when 498 is divided by 10.
8
What is the remainder when 101 is divided by 6?
5
Calculate the remainder when 428 is divided by 33.
32
What is the remainder when 455 is divided by 130?
65
What is the remainder when 95 is divided by 60?
35
What is the remainder when 5850 is divided by 33?
9
What is the remainder when 327 is divided by 102?
21
What is the remainder when 395 is divided by 296?
99
Calculate the remainder when 90 is divided by 6.
0
What is the remainder when 354 is divided by 60?
54
What is the remainder when 38 is divided by 16?
6
Calculate the remainder when 2002 is divided by 30.
22
What is the remainder when 539 is divided by 36?
35
Calculate the remainder when 269 is divided by 21.
17
Calculate the remainder when 195 is divided by 31.
9
Calculate the remainder when 50 is divided by 35.
15
What is the remainder when 1317 is divided by 120?
117
What is the remainder when 274 is divided by 79?
37
What is the remainder when 223 is divided by 51?
19
Calculate the remainder when 288 is divided by 20.
8
Calculate the remainder when 231 is divided by 16.
7
What is the remainder when 1089 is divided by 131?
41
What is the remainder when 34 is divided by 9?
7
What is the remainder when 61 is divided by 36?
25
Calculate the remainder when 303 is divided by 102.
99
Calculate the remainder when 1026 is divided by 7.
4
What is the remainder when 2695 is divided by 2678?
17
Calculate the remainder when 877 is divided by 5.
2
What is the remainder when 89 is divided by 23?
20
What is the remainder when 89 is divided by 38?
13
Calculate the remainder when 130 is divided by 30.
10
What is the remainder when 222 is divided by 30?
12
What is the remainder when 6371 is divided by 116?
107
Calculate the remainder when 8513 is divided by 15.
8
What is the remainder when 29156 is divided by 122?
120
Calculate the remainder when 165 is divided by 23.
4
Calculate the remainder when 1627 is divided by 16.
11
What is the remainder when 371 is divided by 185?
1
Calculate the remainder when 456 is divided by 138.
42
Calculate the remainder when 6080 is divided by 11.
8
Calculate the remainder when 2351 is divided by 40.
31
What is the remainder when 805 is divided by 103?
84
What is the remainder when 3579 is divided by 64?
59
What is the remainder when 1453 is divided by 28?
25
What is the remainder when 1255 is divided by 34?
31
Calculate the remainder when 373 is divided by 5.
3
Calculate the remainder when 253 is divided by 40.
13
What is the remainder when 3502 is divided by 121?
114
Calculate the remainder when 23 is divided by 4.
3
Calculate the remainder when 435 is divided by 6.
3
What is the remainder when 6356 is divided by 40?
36
Calculate the remainder when 62 is divided by 23.
16
Calculate the remainder when 1029 is divided by 8.
5
What is the remainder when 716 is divided by 304?
108
Calculate the remainder when 1315 is divided by 120.
115
Calculate the remainder when 5920 is divided by 7.
5
Calculate the remainder when 140 is divided by 65.
10
What is the remainder when 1136 is divided by 142?
0
What is the remainder when 2598 is divided by 28?
22
Calculate the remainder when 2036 is divided by 24.
20
Calculate the remainder when 10294 is divided by 36.
34
What is the remainder when 3455 is divided by 36?
35
What is the remainder when 237 is divided by 17?
16
Calculate the remainder when 886 is divided by 6.
4
What is the remainder when 2288 is divided by 155?
118
Calculate the remainder when 6611 is divided by 38.
37
Calculate the remainder when 136 is divided by 47.
42
Calculate the remainder when 109 is divided by 6.
1
What is the remainder when 1329 is divided by 37?
34
Calculate the remainder when 2631 is divided by 2619.
12
Calculate the remainder when 2002 is divided by 202.
184
What is the remainder when 480 is divided by 44?
40
What is the remainder when 188 is divided by 60?
8
Calculate the remainder when 200 is divided by 17.
13
Calculate the remainder when 1327 is divided by 260.
27
Calculate the remainder when 329 is divided by 22.
21
Calculate the remainder when 239 is divided by 15.
14
Calculate the remainder when 1706 is divided by 171.
167
Calculate the remainder when 138 is divided by 31.
14
Calculate the remainder when 64 is divided by 25.
14
What is the remainder when 2390 is divided by 21?
17
What is the remainder when 931 is divided by 56?
35
What is the remainder when 134 is divided by 15?
14
What is the remainder when 171 is divided by 67?
37
Calculate the remainder when 133 is divided by 17.
14
Calculate the remainder when 233 is divided by 70.
23
Calculate the remainder when 8 is divided by 3.
2
What is the remainder when 1039 is divided by 214?
183
Calculate the remainder when 2295 is divided by 472.
407
What is the remainder when 1486 is divided by 71?
66
What is the remainder when 1818 is divided by 65?
63
Calculate the remainder when 41 is divided by 14.
13
Calculate the remainder when 233 is divided by 21.
2
What is the remainder when 1285 is divided by 219?
190
What is the remainder when 2056 is divided by 17?
16
What is the remainder when 11655 is divided by 188?
187
What is the remainder when 129 is divided by 7?
3
Calculate the remainder when 3880 is divided by 114.
4
What is the remainder when 192 is divided by 31?
6
Calculate the remainder when 44 is divided by 27.
17
Calculate the remainder when 151 is divided by 89.
62
Calculate the remainder when 109 is divided by 19.
14
What is the remainder when 366 is divided by 46?
44
What is the remainder when 163 is divided by 10?
3
Calculate the remainder when 217 is divided by 29.
14
What is the remainder when 445 is divided by 222?
1
What is the remainder when 243 is divided by 78?
9
Calculate the remainder when 323 is divided by 2.
1
What is the remainder when 68 is divided by 12?
8
What is the remainder when 166 is divided by 158?
8
Calculate the remainder when 2361 is divided by 12.
9
What is the remainder when 6678 is divided by 35?
28
What is the remainder when 402 is divided by 11?
6
Calculate the remainder when 1265 is divided by 208.
17
Calculate the remainder when 644 is divided by 16.
4
Calculate the remainder when 433 is divided by 73.
68
What is the remainder when 308 is divided by 20?
8
What is the remainder when 7074 is divided by 25?
24
What is the remainder when 8765 is divided by 32?
29
What is the remainder when 1362 is divided by 5?
2
What is the remainder when 73 is divided by 50?
23
Calculate the remainder when 7764 is divided by 8.
4
What is the remainder when 73 is divided by 7?
3
Calculate the remainder when 191 is divided by 33.
26
What is the remainder when 160 is divided by 52?
4
Calculate the remainder when 1947 is divided by 1940.
7
What is the remainder when 1574 is divided by 313?
9
What is the remainder when 11338 is divided by 53?
49
What is the remainder when 1556 is divided by 773?
10
What is the remainder when 4649 is divided by 4?
1
Calculate the remainder when 1725 is divided by 36.
33
What is the remainder when 354 is divided by 241?
113
Calculate the remainder when 3001 is divid